ommon divisor of 570 and g.
3
Suppose -9367 + 1319 = -5*n - x, 10 = -5*x. What is the greatest common divisor of n and 28?
14
Let s = 449 + -444. Suppose s*x - 45 = -5*d + 3*x, -2*x = 10. Calculate the highest common divisor of d and 352.
11
Suppose 2*r = -4, -5*r + 4156 = x - 903. What is the highest common divisor of 137 and x?
137
Let v(b) = 577*b - 4488. Let o be v(8). What is the highest common factor of o and 2368?
64
Let x be 708/27 + (-6)/27. Let l = -287 - -309. Suppose -24*f + 104 = -l*f. What is the highest common divisor of f and x?
26
Let c(i) = 6*i**2 - 202*i - 1892. Let n be c(-10). What is the greatest common factor of n and 1664?
104
Suppose 4*f + 5*c - 141 = 0, 10*f - 15*f + c + 169 = 0. Calculate the greatest common divisor of f and 3638.
34
Let f be ((-5)/7)/(263/(-5523)). Suppose 0*z = -3*s + 5*z + 160, -175 = -4*s - z. What is the greatest common divisor of s and f?
15
Let s = -3 + 8. Let i(k) = 4*k**2 + k - 29. Let h be i(-7). What is the greatest common divisor of h and s?
5
Let t be (20/(-16))/5 + (-4146)/(-8). Suppose -37*p - 403 + 1772 = 0. Calculate the highest common divisor of p and t.
37
Let x be 6/(-120)*8*-488 - (-5)/(-25). Calculate the highest common factor of x and 5980.
65
Let b(x) = -1 + 114*x + x**2 - 118*x + 0*x**2. Let t be b(4). Let h be ((-1 - 4) + t)/((-4)/38). What is the highest common factor of 19 and h?
19
Let z(t) = 1988*t**2 + 10*t - 18. Let l be z(1). Calculate the greatest common divisor of l and 100.
20
Let u = 4078 - 4052. Calculate the greatest common factor of u and 1274.
26
Let g be 2/(-1)*47/(1786/(-4959)). Calculate the greatest common factor of g and 27.
9
Let z(f) = 347*f - 275. Suppose 5*c + 5 - 3 = 3*h, -3*c - 2 = -2*h. Let k be z(h). Calculate the highest common divisor of 21 and k.
21
Let r = -32839 - -32879. Let h be 3/12 + 38/8. Suppose 0 = 4*i - m - 40, 3*i + 6 = -h*m + 36. Calculate the highest common factor of r and i.
10
Let t(x) = 15*x + 25. Let h be t(-12). Let k = h - -243. Calculate the highest common factor of k and 110.
22
Suppose -49*m + 546 = -36*m. Calculate the highest common divisor of 2030 and m.
14
Let j(s) = -11*s**2 - 20 + 7 + 3*s**3 + 8 + 11*s. Let q be j(4). What is the greatest common factor of 550 and q?
55
Suppose -156 = 3*i - 18. Let b = -36 - i. Let d = 9 - -81. What is the greatest common divisor of d and b?
10
Let i = -11401 - -13489. Calculate the highest common factor of 504 and i.
72
Suppose -5*r + 7935 = 4*x, 2*r = 2*x + 3*r - 3969. Calculate the highest common factor of 5 and x.
5
Let n(x) = 11*x**2 - x + 1. Let y be n(2). Let w = -39 + y. Let o(q) = 2*q**3 - 4*q**2 + q + 4. Let t be o(w). Calculate the greatest common factor of t and 12.
12
Let m be 12/20 + ((-3654)/(-35) - 2). What is the greatest common factor of m and 309?
103
Let w be 5/((15/651)/((-96)/(-168))). What is the highest common factor of w and 164?
4
Let w(b) = -22*b**3. Let f be w(-1). Let g = -325577 - -325599. What is the highest common factor of f and g?
22
Let a = -127 - -129. Suppose 0 = a*x - 7*x + 150. Calculate the highest common factor of x and 290.
10
Suppose 121*h - 1835 = 2521. Calculate the greatest common factor of h and 32.
4
Suppose 0 = 4*x, 5*x - 2*x = 4*r + 376. Let d = r - -96. Suppose -4*t = g + 2, g - 3*t = -5*t + d. Calculate the greatest common factor of g and 54.
6
Suppose 3*v - 2*q - 42 = 5, 3*v = -2*q + 55. Calculate the greatest common factor of 1496 and v.
17
Let b be 57 + (1 + (-54)/6)*1. What is the highest common divisor of 56 and b?
7
Suppose 79*u + 2562 = 93*u. Suppose -190*r + u*r + 70 = 0. Calculate the highest common factor of r and 830.
10
Suppose 110*u - 1620 = 109*u. Calculate the highest common divisor of 72 and u.
36
Let i(t) = t**2 + 5*t + 340. Let z be i(-18). What is the highest common factor of z and 28?
14
Let w be (51*7)/3 + (-511)/73. What is the highest common factor of 49 and w?
7
Let j(o) = 15 - 42 + 22*o - 15 - 7. Let z be j(7). What is the highest common divisor of 21 and z?
21
Suppose -2*d + 6 = 0, -69*d - 90 = -3*k - 65*d. What is the greatest common divisor of k and 206?
2
Suppose -2*w + 5*v + 625 = 0, 4*v - 1482 = -5*w + 97. What is the highest common divisor of w and 480?
15
Suppose 0 = -t + 3*t - 78. Let j be (225 - 72/(-8))*(-4)/(-6). Suppose -j = 16*n - 18*n. Calculate the highest common factor of n and t.
39
Let f(q) = 7*q**3 - 3*q**2 + 2*q + 3. Let l be f(2). Let o(g) = -54*g + 6. Let a be o(0). What is the highest common divisor of l and a?
3
Let s(c) = 5*c**2 - 33*c - 377. Let u be s(13). Calculate the greatest common factor of u and 7020.
39
Suppose 172368 = -37*z + 93*z. What is the highest common divisor of 228 and z?
114
Let r be (-6)/12 - ((-405)/10)/1. Let s(o) = -o**2 - 20*o - 1. Let q be s(-7). What is the highest common divisor of q and r?
10
Suppose 65*n + 29352 - 123147 = 0. What is the highest common factor of 741 and n?
39
Suppose 111 - 31 = 4*g. Let h = 26 - g. Suppose -130 = -4*b + h. What is the highest common factor of b and 85?
17
Let j = -35692 + 35939. Suppose 8*v - 13 = 7*v. Calculate the greatest common factor of v and j.
13
Suppose -4*c + 5172 - 376 = n, 3*n - 4*c - 14308 = 0. Calculate the greatest common factor of 264 and n.
24
Let m be 6/(-9) - 281/(-3). Let r = -57 + m. Let z(u) = u**3 - 6*u**2 - 38*u - 24. Let x be z(-3). What is the greatest common factor of x and r?
9
Suppose 49*o - 51*o - 354 = 0. Let y = -23 - o. Calculate the greatest common divisor of y and 22.
22
Let q(t) = 168*t + 65. Let r(a) = 504*a + 192. Let f(m) = 17*q(m) - 6*r(m). Let g be f(-2). What is the greatest common factor of 17 and g?
17
Suppose 0 = -158*m + 161*m + 69. Let r(v) = -v**2 - 22*v + 41. Let k be r(m). Calculate the highest common factor of k and 9.
9
Suppose 2*m = -2*x + 2166, 20*x = 25*x - 4*m - 5460. What is the highest common factor of 224 and x?
32
Suppose 112*n - 50*n + 210*n - 981920 = 0. Calculate the greatest common factor of n and 70.
10
Suppose -2536*h + 5*x - 5610 = -2541*h, 3*h - 3387 = 4*x. Calculate the greatest common divisor of 5175 and h.
225
Let b = -1121 - 1583. Let s be 2/10 + b/(-80). What is the highest common divisor of 2 and s?
2
Let m be 666/36 + (-4)/8. Suppose -3*v + 96 = -0*v - 3*z, 4*z = 3*v - 92. Suppose g = -g + v. What is the greatest common divisor of m and g?
18
Let x = -386 - -409. Let j be (-11)/(-7 - (-160)/x). What is the greatest common factor of 22 and j?
11
Let y = 5933 - 5729. What is the highest common divisor of y and 24?
12
Let n be ((-135)/(-6))/((1404/5148)/((-16)/(-22))). Let g = 72 - -18. What is the highest common divisor of g and n?
30
Suppose -252*y + 20368 = -12140. What is the highest common divisor of 14276 and y?
43
Let r = 192 - 286. Let u = 100 + r. What is the highest common divisor of u and 24?
6
Let a = 70 + -67. Suppose -4*i + 2*i = 3*v - 195, 2*v + a*i = 135. Calculate the greatest common divisor of v and 7.
7
Let w be (2/(-4)*1)/(22/(-42944)). What is the highest common factor of 64 and w?
16
Let z be -1*2 - (-11 - 2). Suppose 9628 - 1180 = 16*h. Suppose -21*x + 627 + h = 0. What is the highest common divisor of x and z?
11
Suppose 3*x - 12729 = -3*y, 2*x - 385*y = -383*y + 8498. What is the highest common factor of 1737 and x?
193
Let p = -43949 - -68319. Calculate the greatest common factor of 10 and p.
10
Let l(z) = -z**3 - 11*z**2 - 17*z - 209. Let y be l(-13). Calculate the highest common factor of y and 250.
50
Suppose -2*p + 4*f = -44, -2*p = 2*f - 22 - 22. Suppose p*g - 35 = 207. What is the highest common factor of 55 and g?
11
Suppose -3*r + 8 = -10. Let t be -17*r*(-2)/4. Let k be 40 - ((-45)/(-5) - 20). Calculate the highest common divisor of t and k.
51
Let j = -37 + 103. Let f be (-1258)/(-102) + (8/(-6))/4. Let h(p) = -p**2 + 13*p + 32. Let t be h(f). Calculate the highest common divisor of t and j.
22
Let s = -1044 - -1074. What is the greatest common divisor of 4 and s?
2
Suppose 2*d = -5*c - 7, -3*d - c = -2*d - 1. Suppose 55 = d*y + 3*l, -6*y + 2*y - 4*l = -52. Calculate the greatest common factor of y and 208.
16
Suppose -7*x + 20*z + 9873 = 17*z, -2*z = 4*x - 5638. What is the greatest common factor of 30 and x?
30
Let g = -145 + 265. Suppose -83 = -w - 20*o + 165, -250 = -5*w - o. Calculate the greatest common f